 + 31, 0 = 5*o - 5*v - 65. What is the remainder when r is divided by o?
6
Let c(z) = 2*z**3 + z**2 - 2*z + 7. Calculate the remainder when c(3) is divided by 13.
12
What is the remainder when 3 is divided by ((-1)/2)/((-1)/6)?
0
Suppose -2*f + 2*w = -12, -3*f + 4*w = -0*w - 18. Suppose -3*u = -u - 128. Suppose -2*n - 2*n = -u. Calculate the remainder when n is divided by f.
4
Let w = -53 - -59. What is the remainder when 10 is divided by w?
4
Suppose 6*n - 139 = 65. What is the remainder when 135 is divided by n?
33
Let x(h) = h**2 - h + 256. Let n be x(0). Calculate the remainder when (1/(-2))/((-2)/n) is divided by 22.
20
Let d = -80 - -92. Let a(n) = n**3 - 6*n**2 + 5*n + 4. What is the remainder when a(6) is divided by d?
10
Suppose -3*i + 3 = -6*i + 3*g, 5*i + g + 5 = 0. What is the remainder when ((-192)/(-15))/((-3)/(-15)) is divided by 99/(-36)*8*i?
20
Let n(k) = k**2 + 8*k + 6. Let u be n(-8). Suppose u*j = j + 85. Calculate the remainder when 67 is divided by j.
16
Let i = 6 - 6. Let m be -1 + 1*5 + 0. Suppose i*g - m*g = -12. Calculate the remainder when 4 is divided by g.
1
Let b(d) = 3*d - 4. Let m = 11 + 29. What is the remainder when m is divided by b(6)?
12
Suppose 0*y - 3*y + 19 = -4*t, 5*y = 4*t + 29. Suppose 34 = q - m - 4*m, y*m + 52 = 3*q. Calculate the remainder when (-1)/(-2)*(-2 + 54) is divided by q.
8
Let s = -6 + 7. Let c be 51/(((-9)/6)/s). Let b = 3 - c. Calculate the remainder when b is divided by 13.
11
Suppose -2*a - k = -2*k - 11, -4*a = -k - 23. What is the remainder when 1 + 22 + (-6)/3 is divided by a?
3
Suppose -5*c = -0*s - s - 20, -25 = -4*c - s. Let k = c - 4. Let u = k + 2. What is the remainder when 4 is divided by u?
1
Suppose 5*v + 30 = -5*k, -1 = -4*v - 3*k - 20. What is the remainder when (-4 - -15) + v*1 is divided by (-32)/(-4)*(-2)/(-4)?
2
Suppose 3*u - 76 = 11. Suppose 2*z = 4*b + 14, -4*z - 15 = 5*b + 22. Let o(s) = -s**3 - 3*s**2 + 7*s. Calculate the remainder when u is divided by o(b).
14
Suppose 23 + 14 = 4*n - f, 5*n = -f + 44. Let l = -23 + 72. Suppose -2*w - x = -4*x - l, 0 = -4*w + 5*x + 93. Calculate the remainder when w is divided by n.
8
Suppose 14*k = 2 + 12. Let b(h) = 2*h + 1. What is the remainder when b(1) is divided by k?
0
Let b(d) = d**3 + 4*d**2 - 6*d + 1. Let x = -47 - -72. Let r = x + -14. What is the remainder when r is divided by b(-5)?
5
Suppose 0*t + 5*t - 450 = 0. What is the remainder when t is divided by 23?
21
Calculate the remainder when (-3 - -6) + 1 + 6 is divided by 3.
1
Suppose -3*s - 223 = 323. Let z = s - -112. What is the remainder when z/(-4) + 9/6 is divided by 10?
9
Suppose 4*b - 289 = 2*h + 129, 204 = 2*b + 4*h. What is the remainder when b is divided by 27?
23
Suppose 124 = 3*f - 2*d + 37, 0 = -5*d + 15. What is the remainder when 122 is divided by f?
29
Let d(c) = -c - 21. Let o be d(0). Let v = o + 24. What is the remainder when 3 is divided by v?
0
Let q be (-36)/(-10) + (-9)/15. Suppose q*i - 42 = 21. What is the remainder when 39 is divided by i?
18
Let u = 107 - 104. What is the remainder when 13 is divided by u?
1
Let l = -117 - -171. What is the remainder when 105 is divided by l?
51
Suppose -4*j = 7 + 17. Let g be (-18)/4*(-20)/j. Calculate the remainder when 38 is divided by ((-26)/3)/(10/g).
12
Suppose -115 = 4*y - 27. Let r = y + 30. Let j = 58 + -35. Calculate the remainder when j is divided by r.
7
Suppose 16 = -x + 3*x. Suppose -2 = l - 4*l - 5*n, 2*l = -5*n - 2. Let t(k) = k**3 - 2*k**2 - 6*k + 6. Calculate the remainder when t(l) is divided by x.
6
Suppose -4*h = -2*h - 180. Calculate the remainder when h is divided by 23.
21
Let t = -34 - -37. Calculate the remainder when 12 is divided by t.
0
Let o be 4 - (-40)/4 - -1. Let f = -10 + o. Calculate the remainder when f is divided by 3.
2
Let v be 188/6*(-12)/8. Let k = 17 + v. What is the remainder when k*((-16)/(-3))/(-4) is divided by 21?
19
Let i = -22 + -3. Let u = i + 9. Let h = -11 - u. Calculate the remainder when h is divided by 3.
2
Calculate the remainder when (0 - 1) + 34 + 8 is divided by 15.
11
Suppose 10*y - 15 = 7*y. Suppose 0 = -5*d + 3*g + 52, 5*g - 2 = -3*d + 2. Calculate the remainder when (6/d)/(1/12) is divided by y.
4
Calculate the remainder when 27 is divided by ((-6)/(-9))/((-8)/(-84)).
6
Suppose -110 = 2*r - 396. Calculate the remainder when r is divided by 36.
35
Suppose -c = 21 - 28. What is the remainder when 27 is divided by c?
6
Suppose 2*p + 469 = 2*g - 31, 0 = 4*g - p - 1000. Suppose 0*n = 4*n + 5*t - 200, t - g = -5*n. What is the remainder when n is divided by 26?
24
Let v = -14 + 39. What is the remainder when 49 is divided by v?
24
Let f(o) = -2*o + 7. Let n(x) = x**2 + 7*x - 6. Let u be n(-7). Calculate the remainder when f(u) is divided by 7.
5
Let f be ((-2)/4)/(1/(-2)). Let n be (-2)/(-4 - (-1 - f)). What is the remainder when 22 is divided by 4 + -3 - -7*n?
6
Let g be 1/((-180)/(-177) - 1). Let n = g - 33. Suppose 0 = u - 42 - n. Calculate the remainder when u is divided by 23.
22
Let g(m) be the second derivative of m**4/12 + m**3/6 + 19*m**2 + m. Calculate the remainder when g(0) is divided by 13.
12
Suppose 4*o = 4*q - 20, -o = 3*q - 4 - 3. Calculate the remainder when 5 is divided by q.
2
Let y(z) = 6*z - 2. Let w(k) = 11*k - 4. Let p(u) = -3*w(u) + 7*y(u). Suppose 0 = -m + 5 - 1. What is the remainder when p(m) is divided by 12?
10
Suppose 3*i - 29 - 61 = 0. Suppose 0 = 5*m - 2*a - 2, 2*a = -2*m + 6*a - 12. Suppose m*d = 12 + i. Calculate the remainder when d is divided by 11.
10
Let b = -41 + 74. Suppose 3*k - 9 = b. Calculate the remainder when 12 is divided by 1/((1 - -1)/k).
5
What is the remainder when 43 is divided by (-10*3/(-3))/((-2)/(-3))?
13
Suppose 0 = -13*f + 16*f - 36. Let l = -8 - -173. Suppose -4*t = t - l. What is the remainder when t is divided by f?
9
Suppose 0*x - 5*x = -110. What is the remainder when (-128)/6*3/(-1) is divided by x?
20
Let n(k) = 5*k**2 - 1. Suppose 5*g - 6 = -1. Let f be n(g). Let a = 20 - f. What is the remainder when a is divided by 6?
4
Suppose 43 = -2*l + 153. Calculate the remainder when l is divided by 2/7 + (-786)/(-42).
17
Let u(w) = -w**3 - 19*w**2 + 9. What is the remainder when 69 is divided by u(-19)?
6
Suppose 0*j + 5*j - 370 = 0. Calculate the remainder when j is divided by 25.
24
Suppose 18*j + 11 - 461 = 0. Calculate the remainder when -1 - -1 - (-1 - 97) is divided by j.
23
Let h = 14 + -1. Calculate the remainder when 34 is divided by h.
8
What is the remainder when 142 is divided by (14 - -1) + 4/((-12)/9)?
10
Suppose 0 = y + 4*k + 630, 5*y + 7*k - 3*k = -3166. Let m = -40 - -22. Calculate the remainder when 4/(-18) + y/m is divided by 12.
11
Suppose 0 = -4*r, 2*v + 2*r + 2 = 7*r. Let y be v/(-2)*4 - 1. Let g(a) = 36*a**2 - 2*a + 1. Calculate the remainder when g(y) is divided by 12.
11
Let g = 23 - -2. Let l = g + -13. Calculate the remainder when 33 is divided by l.
9
What is the remainder when 2 - (4 + -3) - -21 is divided by 12?
10
What is the remainder when 57 is divided by 10*((-8)/10 + (-437)/(-190))?
12
Let r = -3 - 1. Suppose 6 = 4*v - 10. What is the remainder when (-7 + r)*(-2 + 1) is divided by v?
3
Suppose i = -i + 56. What is the remainder when 20/(-1 + 36/i) is divided by 18?
16
Suppose 2*g = -3*a - 5, -14 = -g + 2*a - 6. Suppose -g*c + 7 = -c. Calculate the remainder when 25 is divided by c.
4
Let l = -31 - -44. Calculate the remainder when l is divided by 5.
3
Let v(j) = -7*j - 8. Calculate the remainder when v(-7) is divided by 6.
5
Let j = 6 - 15. Let o = j + 15. What is the remainder when 17 is divided by o?
5
Let j = 5 + -32. Let b = j + 46. What is the remainder when b is divided by 5?
4
Suppose 12*t + 4*t - 880 = 0. Calculate the remainder when t is divided by 19.
17
Let w be (-20 + -2)/(0 - 2). Let r = w - -38. Calculate the remainder when r is divided by 13.
10
Let p(l) = l**3 - l**2 + 2. Suppose 47 + 42 = 5*t + 3*x, 4*t - 61 = x. Calculate the remainder when t is divided by p(2).
4
Calculate the remainder when 28 is divided by 7 + -5 - (2 - 8).
4
Let c = 23 - 5. What is the remainder when 31 is divided by c?
13
Let c(u) = u**3 - u**2 + 4. Let j be ((0/(-2))/1)/(-2). Let v be c(j). Suppose -v*k = 2*z - 2 - 28, 5*z - 25 = 0. What is the remainder when 13